{"id":128,"date":"2014-05-31T17:26:27","date_gmt":"2014-05-31T17:26:27","guid":{"rendered":"http:\/\/demo.themegrill.com\/accelerate\/?page_id=128"},"modified":"2020-08-05T13:40:30","modified_gmt":"2020-08-05T13:40:30","slug":"ahir-ve-kumes-serinletme","status":"publish","type":"page","link":"https:\/\/www.esrmekanik.com\/index.php\/hizmetlerimiz\/ahir-ve-kumes-serinletme\/","title":{"rendered":"Ah\u0131r ve K\u00fcmes Serinletme"},"content":{"rendered":"<p>Yaz\u0131l\u0131yor.<\/p>\n","protected":false},"excerpt":{"rendered":"<p>Ah\u0131r ve k\u00fcmes serinletme sistemleriyle ah\u0131rlar\u0131n\u0131z ve k\u00fcmesleriniz y\u00fcksek s\u0131cakl\u0131klardan hayvanlar\u0131n\u0131z\u0131n etkilenmesini \u00f6nler.<\/p>\n","protected":false},"author":1,"featured_media":460,"parent":385,"menu_order":7,"comment_status":"closed","ping_status":"closed","template":"","meta":[],"yst_prominent_words":[],"_links":{"self":[{"href":"https:\/\/www.esrmekanik.com\/index.php\/wp-json\/wp\/v2\/pages\/128"}],"collection":[{"href":"https:\/\/www.esrmekanik.com\/index.php\/wp-json\/wp\/v2\/pages"}],"about":[{"href":"https:\/\/www.esrmekanik.com\/index.php\/wp-json\/wp\/v2\/types\/page"}],"author":[{"embeddable":true,"href":"https:\/\/www.esrmekanik.com\/index.php\/wp-json\/wp\/v2\/users\/1"}],"replies":[{"embeddable":true,"href":"https:\/\/www.esrmekanik.com\/index.php\/wp-json\/wp\/v2\/comments?post=128"}],"version-history":[{"count":2,"href":"https:\/\/www.esrmekanik.com\/index.php\/wp-json\/wp\/v2\/pages\/128\/revisions"}],"predecessor-version":[{"id":364,"href":"https:\/\/www.esrmekanik.com\/index.php\/wp-json\/wp\/v2\/pages\/128\/revisions\/364"}],"up":[{"embeddable":true,"href":"https:\/\/www.esrmekanik.com\/index.php\/wp-json\/wp\/v2\/pages\/385"}],"wp:featuredmedia":[{"embeddable":true,"href":"https:\/\/www.esrmekanik.com\/index.php\/wp-json\/wp\/v2\/media\/460"}],"wp:attachment":[{"href":"https:\/\/www.esrmekanik.com\/index.php\/wp-json\/wp\/v2\/media?parent=128"}],"wp:term":[{"taxonomy":"yst_prominent_words","embeddable":true,"href":"https:\/\/www.esrmekanik.com\/index.php\/wp-json\/wp\/v2\/yst_prominent_words?post=128"}],"curies":[{"name":"wp","href":"https:\/\/api.w.org\/{rel}","templated":true}]}}