{"id":21,"date":"2014-04-26T17:10:16","date_gmt":"2014-04-26T17:10:16","guid":{"rendered":"http:\/\/demo.themegrill.com\/accelerate\/?page_id=21"},"modified":"2020-08-05T14:14:12","modified_gmt":"2020-08-05T14:14:12","slug":"sera-serinletme","status":"publish","type":"page","link":"https:\/\/www.esrmekanik.com\/index.php\/hizmetlerimiz\/sera-serinletme\/","title":{"rendered":"Sera Serinletme"},"content":{"rendered":"<p class=\"paragraph ng-attr-widget\">Yaz\u0131l\u0131yor.<\/p>\n","protected":false},"excerpt":{"rendered":"<p>Sera Serinletme Sistemleri ile seralar\u0131n\u0131zda s\u0131cakl\u0131\u011f\u0131 olmas\u0131 gerekli ayarl\u0131yabilirsiniz b\u00f6ylelikle mahsullerinizin verimi artar ve daha fazla mahsul alabilirsiniz.<\/p>\n","protected":false},"author":1,"featured_media":465,"parent":385,"menu_order":6,"comment_status":"closed","ping_status":"closed","template":"","meta":[],"yst_prominent_words":[],"_links":{"self":[{"href":"https:\/\/www.esrmekanik.com\/index.php\/wp-json\/wp\/v2\/pages\/21"}],"collection":[{"href":"https:\/\/www.esrmekanik.com\/index.php\/wp-json\/wp\/v2\/pages"}],"about":[{"href":"https:\/\/www.esrmekanik.com\/index.php\/wp-json\/wp\/v2\/types\/page"}],"author":[{"embeddable":true,"href":"https:\/\/www.esrmekanik.com\/index.php\/wp-json\/wp\/v2\/users\/1"}],"replies":[{"embeddable":true,"href":"https:\/\/www.esrmekanik.com\/index.php\/wp-json\/wp\/v2\/comments?post=21"}],"version-history":[{"count":2,"href":"https:\/\/www.esrmekanik.com\/index.php\/wp-json\/wp\/v2\/pages\/21\/revisions"}],"predecessor-version":[{"id":367,"href":"https:\/\/www.esrmekanik.com\/index.php\/wp-json\/wp\/v2\/pages\/21\/revisions\/367"}],"up":[{"embeddable":true,"href":"https:\/\/www.esrmekanik.com\/index.php\/wp-json\/wp\/v2\/pages\/385"}],"wp:featuredmedia":[{"embeddable":true,"href":"https:\/\/www.esrmekanik.com\/index.php\/wp-json\/wp\/v2\/media\/465"}],"wp:attachment":[{"href":"https:\/\/www.esrmekanik.com\/index.php\/wp-json\/wp\/v2\/media?parent=21"}],"wp:term":[{"taxonomy":"yst_prominent_words","embeddable":true,"href":"https:\/\/www.esrmekanik.com\/index.php\/wp-json\/wp\/v2\/yst_prominent_words?post=21"}],"curies":[{"name":"wp","href":"https:\/\/api.w.org\/{rel}","templated":true}]}}