{"id":482,"date":"2020-10-19T12:25:09","date_gmt":"2020-10-19T12:25:09","guid":{"rendered":"http:\/\/www.esrmekanik.com\/?page_id=482"},"modified":"2024-11-15T14:44:38","modified_gmt":"2024-11-15T14:44:38","slug":"isitma-sistemleri","status":"publish","type":"page","link":"https:\/\/www.esrmekanik.com\/index.php\/hizmetlerimiz\/isitma-sistemleri\/","title":{"rendered":"ISITMA S\u0130STEMLER\u0130"},"content":{"rendered":"<h2><span style=\"vertical-align: inherit;\"><span style=\"vertical-align: inherit;\"><span style=\"vertical-align: inherit;\"><span style=\"vertical-align: inherit;\">Is\u0131tmal\u0131 masa aya\u011f\u0131, duvar tipi \u0131s\u0131tma sistemleri, \u0131s\u0131tma sistemleri<\/span><\/span><\/span><\/span><\/h2>\n<p><strong><span style=\"vertical-align: inherit;\"><span style=\"vertical-align: inherit;\"><span style=\"vertical-align: inherit;\"><span style=\"vertical-align: inherit;\">Is\u0131tmal\u0131 masa ve duvar tipi \u0131s\u0131t\u0131c\u0131lar ile mekan\u0131n\u0131za de\u011fer kat\u0131n. Ke\u015fif ve fiyat almak i\u00e7in ileti\u015fime ge\u00e7iniz.<\/span><\/span><\/span><\/span><\/strong><\/p>\n<figure id=\"attachment_599\" aria-describedby=\"caption-attachment-599\" style=\"width: 521px\" class=\"wp-caption alignnone\"><img class=\"wp-image-599\" src=\"https:\/\/www.esrmekanik.com\/wp-content\/uploads\/2020\/11\/WhatsApp-Image-2020-11-30-at-15.38.17-4-300x225.jpeg\" alt=\"masa alt\u0131 \u0131s\u0131t\u0131c\u0131, \u0131s\u0131tmal\u0131 masa aya\u011f\u0131\" width=\"521\" height=\"391\" srcset=\"https:\/\/www.esrmekanik.com\/wp-content\/uploads\/2020\/11\/WhatsApp-Image-2020-11-30-at-15.38.17-4-300x225.jpeg 300w, https:\/\/www.esrmekanik.com\/wp-content\/uploads\/2020\/11\/WhatsApp-Image-2020-11-30-at-15.38.17-4-600x450.jpeg 600w, https:\/\/www.esrmekanik.com\/wp-content\/uploads\/2020\/11\/WhatsApp-Image-2020-11-30-at-15.38.17-4-1536x1152.jpeg 1536w, https:\/\/www.esrmekanik.com\/wp-content\/uploads\/2020\/11\/WhatsApp-Image-2020-11-30-at-15.38.17-4-1024x768.jpeg 1024w, https:\/\/www.esrmekanik.com\/wp-content\/uploads\/2020\/11\/WhatsApp-Image-2020-11-30-at-15.38.17-4-768x576.jpeg 768w, https:\/\/www.esrmekanik.com\/wp-content\/uploads\/2020\/11\/WhatsApp-Image-2020-11-30-at-15.38.17-4.jpeg 1600w\" sizes=\"(max-width: 521px) 100vw, 521px\" \/><figcaption id=\"caption-attachment-599\" class=\"wp-caption-text\"><span style=\"vertical-align: inherit;\"><span style=\"vertical-align: inherit;\"><span style=\"vertical-align: inherit;\"><span style=\"vertical-align: inherit;\">\u0131s\u0131tmal\u0131 masa aya\u011f\u0131<\/span><\/span><\/span><\/span><\/figcaption><\/figure>\n<p><a role=\"button\" href=\"http:\/\/api.whatsapp.com\/send?phone=905544427874\"><br \/>\n<span style=\"vertical-align: inherit;\"><span style=\"vertical-align: inherit;\"><span style=\"vertical-align: inherit;\"><span style=\"vertical-align: inherit;\">randevu i\u00e7in t\u0131klay\u0131n\u0131z<\/span><\/span><\/span><\/span><br \/>\n<\/a><\/p>\n<h2><span style=\"vertical-align: inherit;\"><span style=\"vertical-align: inherit;\"><span style=\"vertical-align: inherit;\"><span style=\"vertical-align: inherit;\">\u0131s\u0131tmal\u0131 masa ayaklar\u0131<\/span><\/span><\/span><\/span><\/h2>\n<figure style=\"width: 1600px\" class=\"wp-caption alignnone\"><img src=\"http:\/\/www.esrmekanik.com\/wp-content\/uploads\/2020\/10\/IMG_1406.jpg\" alt=\"masa alt\u0131 \u0131s\u0131tma\" width=\"1600\" height=\"1200\" \/><figcaption class=\"wp-caption-text\"><span style=\"vertical-align: inherit;\"><span style=\"vertical-align: inherit;\"><span style=\"vertical-align: inherit;\"><span style=\"vertical-align: inherit;\"><span style=\"vertical-align: inherit;\"><span style=\"vertical-align: inherit;\">\u0131s\u0131tmal\u0131 masa aya\u011f\u0131<\/span><\/span><\/span><\/span><\/span><\/span><\/figcaption><\/figure>\n<h3><span style=\"vertical-align: inherit;\"><span style=\"vertical-align: inherit;\"><span style=\"vertical-align: inherit;\"><span style=\"vertical-align: inherit;\"><span style=\"vertical-align: inherit;\"><span style=\"vertical-align: inherit;\">MASA ALTI ISITMA<\/span><\/span><\/span><\/span><\/span><\/span><\/h3>\n<p><strong><a href=\"https:\/\/www.esrmekanik.com\/index.php\/hizmetlerimiz\/isitma-sistemleri\/\"><span style=\"vertical-align: inherit;\"><span style=\"vertical-align: inherit;\">Masa alt\u0131 sobalar<\/span><\/span><\/a><span style=\"vertical-align: inherit;\"><span style=\"vertical-align: inherit;\"> ile mekan\u0131n\u0131za gelen m\u00fc\u015fteriler yerlerinden kalkmak istemeyecek. \u00d6zel dizayn\u0131 sayesinde \u00fcr\u00fcn sadece g\u00f6rd\u00fc\u011f\u00fc alan\u0131 \u0131s\u0131t\u0131r m\u00fc\u015fterilerinizin bacaklar\u0131n\u0131 yakmayaca\u011f\u0131ndan dolay\u0131 rahats\u0131zl\u0131k vermez. <\/span><\/span><a href=\"http:\/\/esrmekanik.com\"><span style=\"vertical-align: inherit;\"><span style=\"vertical-align: inherit;\">Is\u0131tmal\u0131 masa<\/span><\/span><\/a><span style=\"vertical-align: inherit;\"><span style=\"vertical-align: inherit;\"> ayaklar\u0131 sayesinde misafirlerinizin oturma s\u00fcresini artt\u0131r\u0131r mekan\u0131n\u0131za de\u011fer katar. 2000 watt g\u00fcc\u00fc sayesinde hava ne kadar so\u011fuk olursa olsun misafirleriniz konforlu bir \u015fekilde vakit ge\u00e7irecektir.<\/span><\/span><\/strong><\/p>\n<figure style=\"width: 254px\" class=\"wp-caption alignnone\"><a href=\"http:\/\/www.esrmekanik.com\/wp-content\/uploads\/2020\/10\/201801242120231420.png\"><img src=\"http:\/\/www.esrmekanik.com\/wp-content\/uploads\/2020\/10\/201801242120231420.png\" alt=\"duvar tipi \u0131s\u0131t\u0131c\u0131\" width=\"254\" height=\"184\" \/><\/a><figcaption class=\"wp-caption-text\"><span style=\"vertical-align: inherit;\"><span style=\"vertical-align: inherit;\">duvar tipi 2000w<\/span><\/span><\/figcaption><\/figure>\n<h3><a href=\"https:\/\/www.esrmekanik.com\/index.php\/hizmetlerimiz\/isitma-sistemleri\/\"><span style=\"vertical-align: inherit;\"><span style=\"vertical-align: inherit;\"><span style=\"vertical-align: inherit;\"><span style=\"vertical-align: inherit;\">DUVAR T\u0130P\u0130<\/span><\/span><\/span><\/span><\/a><br \/>\n<span style=\"vertical-align: inherit;\"><span style=\"vertical-align: inherit;\"><span style=\"vertical-align: inherit;\"><span style=\"vertical-align: inherit;\">SOBALAR<\/span><\/span><\/span><\/span><\/h3>\n<p><strong><span style=\"vertical-align: inherit;\"><span style=\"vertical-align: inherit;\"><span style=\"vertical-align: inherit;\"><span style=\"vertical-align: inherit;\">Duvar tipi modellerimizin g\u00fcc\u00fc kurulaca\u011f\u0131 ortama g\u00f6re uzman ekibimiz taraf\u0131ndan karar verilir. infrared rezistanslar\u0131 sayesinde g\u00f6rd\u00fc\u011f\u00fc alan\u0131 \u0131s\u0131t\u0131r a\u00e7\u0131k alan ve cafelerinizin k\u0131\u015f mevsiminde vazge\u00e7ilmez ihtiya\u00e7lar\u0131ndan biridir. Sizde ke\u015fif i\u00e7in bizi <\/span><\/span><\/span><\/span><a href=\"http:\/\/api.whatsapp.com\/send?phone=905544427874\"><span style=\"vertical-align: inherit;\"><span style=\"vertical-align: inherit;\"><span style=\"vertical-align: inherit;\"><span style=\"vertical-align: inherit;\">arayabilirsiniz<\/span><\/span><\/span><\/span><\/a><span style=\"vertical-align: inherit;\"><span style=\"vertical-align: inherit;\"><span style=\"vertical-align: inherit;\"><span style=\"vertical-align: inherit;\">.<\/span><\/span><\/span><\/span><\/strong><\/p>\n<figure style=\"width: 225px\" class=\"wp-caption alignnone\"><img src=\"http:\/\/www.esrmekanik.com\/wp-content\/uploads\/2020\/10\/images-3.jpg\" alt=\"duvar tipi halojen \u0131s\u0131t\u0131c\u0131\" width=\"225\" height=\"225\" \/><figcaption class=\"wp-caption-text\"><span style=\"vertical-align: inherit;\"><span style=\"vertical-align: inherit;\">duvar tipi \u0131s\u0131t\u0131c\u0131 4000 w<\/span><\/span><\/figcaption><\/figure>\n<h3><span style=\"vertical-align: inherit;\"><span style=\"vertical-align: inherit;\"><span style=\"vertical-align: inherit;\"><span style=\"vertical-align: inherit;\">DUVAR T\u0130P\u0130 \u00c7\u0130FT TARAFLI SOBALAR<\/span><\/span><\/span><\/span><\/h3>\n<p><strong><span style=\"vertical-align: inherit;\"><span style=\"vertical-align: inherit;\"><span style=\"vertical-align: inherit;\"><span style=\"vertical-align: inherit;\">\u00c7iftli sobalar\u0131m\u0131z hem tek tarafl\u0131 \u00e7al\u0131\u015f\u0131r hemde her rezistans\u0131n s\u0131cakl\u0131k kademesi vard\u0131r b\u00f6ylece isterseniz tek taraf\u0131n\u0131 istedi\u011finiz kademede kullan\u0131rs\u0131n\u0131z buda size daha ferah bir ortam sa\u011flarken, elektrik sarfiyat\u0131n\u0131z\u0131da ciddi bir \u015fekilde d\u00fc\u015f\u00fcr\u00fcr.<\/span><\/span><\/span><\/span><\/strong><\/p>\n<h3><\/h3>\n<p><span style=\"vertical-align: inherit;\"><span style=\"vertical-align: inherit;\"><span style=\"vertical-align: inherit;\"><span style=\"vertical-align: inherit;\"><span style=\"vertical-align: inherit;\"><span style=\"vertical-align: inherit;\">.<\/span><\/span><\/span><\/span><\/span><\/span><\/p>\n<h3><span style=\"vertical-align: inherit;\"><span style=\"vertical-align: inherit;\"><span style=\"vertical-align: inherit;\"><span style=\"vertical-align: inherit;\">dekoratif<\/span><\/span><\/span><\/span><\/h3>\n<p><span style=\"vertical-align: inherit;\"><span style=\"vertical-align: inherit;\"><span style=\"vertical-align: inherit;\"><span style=\"vertical-align: inherit;\">Deneyimli ekibimiz taraf\u0131ndan mekan\u0131n\u0131z\u0131n dekorasyonuna g\u00f6re haz\u0131rlan\u0131p montaj\u0131 yap\u0131l\u0131r.<\/span><\/span><\/span><\/span><\/p>\n<h2><span style=\"vertical-align: inherit;\"><span style=\"vertical-align: inherit;\"><span style=\"vertical-align: inherit;\"><span style=\"vertical-align: inherit;\">avantajlar\u0131<\/span><\/span><\/span><\/span><\/h2>\n<figure style=\"width: 433px\" class=\"wp-caption alignnone\"><img src=\"http:\/\/www.esrmekanik.com\/wp-content\/uploads\/2020\/10\/IMG_1413-removebg-preview-1.png\" alt=\"D\u0130\u011eER TABLO\" width=\"433\" height=\"577\" \/><figcaption class=\"wp-caption-text\"><span style=\"vertical-align: inherit;\"><span style=\"vertical-align: inherit;\"><span style=\"vertical-align: inherit;\"><span style=\"vertical-align: inherit;\"><span style=\"vertical-align: inherit;\"><span style=\"vertical-align: inherit;\">\u0131s\u0131tmal\u0131 masa aya\u011f\u0131<\/span><\/span><\/span><\/span><\/span><\/span><\/figcaption><\/figure>\n<h3><span style=\"vertical-align: inherit;\"><span style=\"vertical-align: inherit;\"><span style=\"vertical-align: inherit;\"><span style=\"vertical-align: inherit;\">ekonomik<\/span><\/span><\/span><\/span><\/h3>\n<p><span style=\"vertical-align: inherit;\"><span style=\"vertical-align: inherit;\"><span style=\"vertical-align: inherit;\"><span style=\"vertical-align: inherit;\">Mekanlar\u0131n\u0131z de\u011fer katar. \u0130\u00e7 ve d\u0131\u015f mekanlar\u0131n\u0131zda ekonomik bir \u0131s\u0131tma \u00e7\u00f6z\u00fcm\u00fcd\u00fcr.<\/span><\/span><\/span><\/span><\/p>\n<h2><span style=\"vertical-align: inherit;\"><span style=\"vertical-align: inherit;\"><span style=\"vertical-align: inherit;\"><span style=\"vertical-align: inherit;\">esr \u0131s\u0131tma sistemleri<\/span><\/span><\/span><\/span><\/h2>\n<p><span style=\"vertical-align: inherit;\"><span style=\"vertical-align: inherit;\">10 y\u0131l\u0131 a\u015fk\u0131n tecrubemiz ile siz de\u011ferli m\u00fc\u015fterilerimizin \u0131s\u0131tma problemlerine \u00e7\u00f6z\u00fcm oluyoruz.<\/span><\/span><\/p>\n<figure>\n<p><figure style=\"width: 150px\" class=\"wp-caption alignnone\"><img src=\"http:\/\/www.esrmekanik.com\/wp-content\/uploads\/2020\/10\/2ed38-150x150.jpg\" alt=\"2ed38\" width=\"150\" height=\"150\" \/><figcaption class=\"wp-caption-text\"><span style=\"vertical-align: inherit;\"><span style=\"vertical-align: inherit;\">\u0131s\u0131tmal\u0131 masa aya\u011f\u0131<\/span><\/span><\/figcaption><\/figure><\/figure>\n<h2><span style=\"vertical-align: inherit;\"><span style=\"vertical-align: inherit;\">Dekoratif \u00fcr\u00fcnler<\/span><\/span><\/h2>\n<p><span style=\"vertical-align: inherit;\"><span style=\"vertical-align: inherit;\">\u0130ste\u011fe ba\u011fl\u0131 mekan\u0131n\u0131z\u0131n konseptine uygun \u00fcr\u00fcn \u00e7al\u0131\u015fmas\u0131da yap\u0131lmaktad\u0131r. 70 e yak\u0131n renk se\u00e7ene\u011fi ve Onlarca \u00e7e\u015fit model se\u00e7ene\u011fimiz ile al\u0131\u015f\u0131la gelmi\u015f \u00fcr\u00fcnlerden kurtulup sizin ihtiyac\u0131n\u0131za g\u00f6re \u00fcr\u00fcnler tasarl\u0131yabiliriz. \u00dcr\u00fcnlerin \u00fczerine mekan\u0131n\u0131z\u0131n ismini yazd\u0131rabilir b\u00f6ylece \u00fcr\u00fcn\u00fcn\u00fcz\u00fc ki\u015fiselle\u015ftirebilirsiniz. Mekan\u0131n\u0131za de\u011fer katacak \u00e7\u00f6z\u00fcmler i\u00e7in <\/span><\/span><a href=\"https:\/\/www.esrmekanik.com\/index.php\/contact\/\"><span style=\"vertical-align: inherit;\"><span style=\"vertical-align: inherit;\">ileti\u015fime ge\u00e7in.<\/span><\/span><\/a><\/p>\n<figure>\n<p><figure style=\"width: 150px\" class=\"wp-caption alignnone\"><a href=\"http:\/\/www.esrmekanik.com\/wp-content\/uploads\/2020\/10\/images-3-150x150.jpg\"><img src=\"http:\/\/www.esrmekanik.com\/wp-content\/uploads\/2020\/10\/images-3-150x150.jpg\" alt=\"resimler (3)\" width=\"150\" height=\"150\" \/><\/a><figcaption class=\"wp-caption-text\"><span style=\"vertical-align: inherit;\"><span style=\"vertical-align: inherit;\">duvar tipi halojen \u0131s\u0131t\u0131c\u0131<\/span><\/span><\/figcaption><\/figure><\/figure>\n<p><span style=\"vertical-align: inherit;\"><span style=\"vertical-align: inherit;\"><span style=\"vertical-align: inherit;\"><span style=\"vertical-align: inherit;\">\u00d6nceki<\/span><\/span><\/span><\/span><br \/>\n<span style=\"vertical-align: inherit;\"><span style=\"vertical-align: inherit;\"><span style=\"vertical-align: inherit;\"><span style=\"vertical-align: inherit;\">Sonraki<\/span><\/span><\/span><\/span><\/p>\n","protected":false},"excerpt":{"rendered":"<p>D\u0131\u015f mekan \u0131s\u0131tma sistemleri<\/p>\n","protected":false},"author":1,"featured_media":593,"parent":385,"menu_order":0,"comment_status":"closed","ping_status":"closed","template":"","meta":[],"yst_prominent_words":[],"_links":{"self":[{"href":"https:\/\/www.esrmekanik.com\/index.php\/wp-json\/wp\/v2\/pages\/482"}],"collection":[{"href":"https:\/\/www.esrmekanik.com\/index.php\/wp-json\/wp\/v2\/pages"}],"about":[{"href":"https:\/\/www.esrmekanik.com\/index.php\/wp-json\/wp\/v2\/types\/page"}],"author":[{"embeddable":true,"href":"https:\/\/www.esrmekanik.com\/index.php\/wp-json\/wp\/v2\/users\/1"}],"replies":[{"embeddable":true,"href":"https:\/\/www.esrmekanik.com\/index.php\/wp-json\/wp\/v2\/comments?post=482"}],"version-history":[{"count":52,"href":"https:\/\/www.esrmekanik.com\/index.php\/wp-json\/wp\/v2\/pages\/482\/revisions"}],"predecessor-version":[{"id":680,"href":"https:\/\/www.esrmekanik.com\/index.php\/wp-json\/wp\/v2\/pages\/482\/revisions\/680"}],"up":[{"embeddable":true,"href":"https:\/\/www.esrmekanik.com\/index.php\/wp-json\/wp\/v2\/pages\/385"}],"wp:featuredmedia":[{"embeddable":true,"href":"https:\/\/www.esrmekanik.com\/index.php\/wp-json\/wp\/v2\/media\/593"}],"wp:attachment":[{"href":"https:\/\/www.esrmekanik.com\/index.php\/wp-json\/wp\/v2\/media?parent=482"}],"wp:term":[{"taxonomy":"yst_prominent_words","embeddable":true,"href":"https:\/\/www.esrmekanik.com\/index.php\/wp-json\/wp\/v2\/yst_prominent_words?post=482"}],"curies":[{"name":"wp","href":"https:\/\/api.w.org\/{rel}","templated":true}]}}